{"id":19,"date":"2023-11-22T17:39:40","date_gmt":"2023-11-22T16:39:40","guid":{"rendered":"https:\/\/sergegirard.com\/5continents-south-america-en\/?page_id=19"},"modified":"2024-04-02T18:45:54","modified_gmt":"2024-04-02T16:45:54","slug":"south-america","status":"publish","type":"page","link":"https:\/\/sergegirard.com\/5continents-south-america-en\/","title":{"rendered":"South America"},"content":{"rendered":"<p>[et_pb_section fb_built=&#8221;1&#8243; _builder_version=&#8221;4.23.1&#8243; _module_preset=&#8221;default&#8221; background_color=&#8221;#C80098&#8243; custom_padding=&#8221;0px||0px||false|false&#8221; bottom_divider_color=&#8221;RGBA(255,255,255,0)&#8221; locked=&#8221;off&#8221; global_colors_info=&#8221;{}&#8221;][et_pb_row _builder_version=&#8221;4.22.1&#8243; _module_preset=&#8221;default&#8221; width=&#8221;90%&#8221; global_colors_info=&#8221;{}&#8221;][et_pb_column type=&#8221;4_4&#8243; _builder_version=&#8221;4.22.1&#8243; _module_preset=&#8221;default&#8221; global_colors_info=&#8221;{}&#8221;][et_pb_image src=&#8221;https:\/\/sergegirard.com\/5continents-south-america-en\/wp-content\/uploads\/sites\/14\/2023\/11\/band-america_-scaled-1.jpg&#8221; title_text=&#8221;band-america_&#8221; _builder_version=&#8221;4.23.1&#8243; _module_preset=&#8221;default&#8221; border_radii=&#8221;on|25px|25px|25px|25px&#8221; global_colors_info=&#8221;{}&#8221;][\/et_pb_image][\/et_pb_column][\/et_pb_row][et_pb_row _builder_version=&#8221;4.23.1&#8243; _module_preset=&#8221;default&#8221; background_color=&#8221;#FFFFFF&#8221; width=&#8221;90%&#8221; border_radii=&#8221;on|30px|30px|30px|30px&#8221; global_colors_info=&#8221;{}&#8221;][et_pb_column type=&#8221;4_4&#8243; _builder_version=&#8221;4.22.1&#8243; _module_preset=&#8221;default&#8221; global_colors_info=&#8221;{}&#8221;][et_pb_text _builder_version=&#8221;4.23.1&#8243; _module_preset=&#8221;default&#8221; text_font_size=&#8221;32px&#8221; text_line_height=&#8221;2.2em&#8221; background_color=&#8221;#FFFFFF&#8221; custom_padding=&#8221;15px|15px|15px|15px|true|true&#8221; border_radii=&#8221;on|15px|15px|15px|15px&#8221; global_colors_info=&#8221;{}&#8221;]<\/p>\n<p style=\"text-align: center;\"><span style=\"color: #c80098;\"><strong><a href=\"https:\/\/sergegirard.com\/5continents-amerique-du-sud\/\"><span>&gt; 2001\u00a0: <span style=\"color: #666666;\">Lima\/Rio de Janeiro 5,235km in 73 days, 3 hours and 40\u2032 (world record)<\/span><\/span><\/a><\/strong><\/span><\/p>\n<p style=\"text-align: center;\"><span><\/span><\/p>\n<p>[\/et_pb_text][et_pb_image src=&#8221;https:\/\/sergegirard.com\/5continents-south-america-en\/wp-content\/uploads\/sites\/14\/2024\/04\/am-sud-nuage-en.jpg&#8221; title_text=&#8221;am-sud-nuage-en&#8221; align=&#8221;center&#8221; _builder_version=&#8221;4.23.1&#8243; _module_preset=&#8221;default&#8221; max_height=&#8221;800px&#8221; global_colors_info=&#8221;{}&#8221;][\/et_pb_image][\/et_pb_column][\/et_pb_row][et_pb_row column_structure=&#8221;1_2,1_2&#8243; use_custom_gutter=&#8221;on&#8221; gutter_width=&#8221;2&#8243; make_equal=&#8221;on&#8221; _builder_version=&#8221;4.23.1&#8243; _module_preset=&#8221;default&#8221; width=&#8221;90%&#8221; min_height=&#8221;750px&#8221; custom_css_free_form=&#8221;selector {align-items: center;}&#8221; global_colors_info=&#8221;{}&#8221;][et_pb_column type=&#8221;1_2&#8243; _builder_version=&#8221;4.23.1&#8243; _module_preset=&#8221;default&#8221; custom_css_free_form=&#8221;selector {text-align: center;}&#8221; global_colors_info=&#8221;{}&#8221;][et_pb_image src=&#8221;https:\/\/sergegirard.com\/5continents-south-america-en\/wp-content\/uploads\/sites\/14\/2023\/11\/carte-america-en__s.jpg&#8221; title_text=&#8221;carte-america-en__s&#8221; _builder_version=&#8221;4.23.1&#8243; _module_preset=&#8221;default&#8221; border_radii=&#8221;on|25px|25px|25px|25px&#8221; global_colors_info=&#8221;{}&#8221;][\/et_pb_image][\/et_pb_column][et_pb_column type=&#8221;1_2&#8243; _builder_version=&#8221;4.22.1&#8243; _module_preset=&#8221;default&#8221; global_colors_info=&#8221;{}&#8221;][et_pb_slider show_arrows=&#8221;off&#8221; show_pagination=&#8221;off&#8221; _builder_version=&#8221;4.23.1&#8243; _module_preset=&#8221;default&#8221; custom_margin=&#8221;||||false|false&#8221; custom_padding=&#8221;0px|0px|0px|0px|false|false&#8221; animation_style=&#8221;slide&#8221; auto=&#8221;on&#8221; auto_speed=&#8221;10000&#8243; custom_css_slide_description=&#8221;margin-top: 20px;&#8221; border_radii_image=&#8221;on|20px|20px|20px|20px&#8221; global_colors_info=&#8221;{}&#8221; custom_css_slide_description_last_edited=&#8221;on|tablet&#8221; custom_css_slide_description_tablet=&#8221;min-height: 300px !important;||display: flex;||align-items:center;||justify-content:center;&#8221; custom_css_slide_description_phone=&#8221;min-height: 200px !important;||display: flex;||align-items:center;||justify-content:center;&#8221;][et_pb_slide image=&#8221;https:\/\/sergegirard.com\/5continents-south-america-en\/wp-content\/uploads\/sites\/14\/2023\/11\/img_9744_.jpg&#8221; _builder_version=&#8221;4.23.1&#8243; _module_preset=&#8221;default&#8221; global_colors_info=&#8221;{}&#8221; sticky_transition=&#8221;on&#8221;]<\/p>\n<p><span>This race is 80% mind and 20% body<\/span><\/p>\n<p>[\/et_pb_slide][et_pb_slide image=&#8221;https:\/\/sergegirard.com\/5continents-south-america-en\/wp-content\/uploads\/sites\/14\/2023\/11\/car1.jpg&#8221; _builder_version=&#8221;4.23.1&#8243; _module_preset=&#8221;default&#8221; global_colors_info=&#8221;{}&#8221; sticky_transition=&#8221;on&#8221;]<\/p>\n<p><span>Every morning, when I go running, I think to myself &#8220;you are a privileged person, make the most of this happiness&#8221;.<\/span><\/p>\n<p>[\/et_pb_slide][et_pb_slide image=&#8221;https:\/\/sergegirard.com\/5continents-south-america-en\/wp-content\/uploads\/sites\/14\/2023\/11\/img_1723_.jpg&#8221; _builder_version=&#8221;4.23.1&#8243; _module_preset=&#8221;default&#8221; global_colors_info=&#8221;{}&#8221; sticky_transition=&#8221;on&#8221;]<\/p>\n<p><span>Racing to these extremes has radically changed my life. It has become a means of expression. I have everything I could whish for.<\/span><\/p>\n<p>[\/et_pb_slide][et_pb_slide image=&#8221;https:\/\/sergegirard.com\/5continents-south-america-en\/wp-content\/uploads\/sites\/14\/2023\/11\/cruz5_.jpg&#8221; _builder_version=&#8221;4.23.1&#8243; _module_preset=&#8221;default&#8221; global_colors_info=&#8221;{}&#8221; sticky_transition=&#8221;on&#8221;]<\/p>\n<p><span>During these races, we learn to discover ans appreciate the simple things of life again.<\/span><\/p>\n<p>[\/et_pb_slide][\/et_pb_slider][et_pb_code _builder_version=&#8221;4.23.1&#8243; _module_preset=&#8221;default&#8221; global_colors_info=&#8221;{}&#8221;]\t[\/et_pb_code][\/et_pb_column][\/et_pb_row][\/et_pb_section][et_pb_section fb_built=&#8221;1&#8243; _builder_version=&#8221;4.23.1&#8243; _module_preset=&#8221;default&#8221; background_color=&#8221;RGBA(255,255,255,0)&#8221; custom_margin=&#8221;0px||||false|false&#8221; custom_padding=&#8221;0px||||false|false&#8221; global_colors_info=&#8221;{}&#8221;][et_pb_row _builder_version=&#8221;4.23.1&#8243; _module_preset=&#8221;default&#8221; custom_margin=&#8221;50px||||false|false&#8221; custom_padding=&#8221;||0px||false|false&#8221; locked=&#8221;off&#8221; global_colors_info=&#8221;{}&#8221;][et_pb_column type=&#8221;4_4&#8243; _builder_version=&#8221;4.23.1&#8243; _module_preset=&#8221;default&#8221; global_colors_info=&#8221;{}&#8221;][et_pb_text _builder_version=&#8221;4.23.1&#8243; _module_preset=&#8221;default&#8221; header_font_size=&#8221;37px&#8221; header_2_text_align=&#8221;center&#8221; header_2_text_color=&#8221;#FFFFFF&#8221; header_2_font_size=&#8221;36px&#8221; global_colors_info=&#8221;{}&#8221;]<\/p>\n<h2>crossed countries<\/h2>\n<p>[\/et_pb_text][\/et_pb_column][\/et_pb_row][et_pb_row column_structure=&#8221;1_3,1_3,1_3&#8243; _builder_version=&#8221;4.23.1&#8243; _module_preset=&#8221;default&#8221; global_colors_info=&#8221;{}&#8221;][et_pb_column type=&#8221;1_3&#8243; _builder_version=&#8221;4.23.1&#8243; _module_preset=&#8221;default&#8221; global_colors_info=&#8221;{}&#8221;][et_pb_toggle title=&#8221;PERU&#8221; open_toggle_text_color=&#8221;#C80098&#8243; icon_color=&#8221;#C80098&#8243; open_icon_color=&#8221;#C80098&#8243; _builder_version=&#8221;4.23.1&#8243; _module_preset=&#8221;default&#8221; title_text_color=&#8221;#C80098&#8243; title_font_size=&#8221;24px&#8221; border_radii=&#8221;on|10px|10px|10px|10px&#8221; locked=&#8221;off&#8221; global_colors_info=&#8221;{}&#8221;]LIMA<br \/>\nLA CHOSICA<br \/>\nLA OROYA<br \/>\nHUNCAYO<br \/>\nHUANTA 526 km 5 SEPT<br \/>\nAYACUCHO<br \/>\nANDAHUAYLAS 834 km 9 SEPT<br \/>\nABANCAY<br \/>\nCUSCO 1170 km 12 SEPT<br \/>\nJULIACA<br \/>\nPUNO 1560 km 17 SEPT<br \/>\nJULI<br \/>\nPIZACOMA<br \/>\nLA VENTILLA 1755 km 20 SEPT[\/et_pb_toggle][et_pb_image src=&#8221;https:\/\/sergegirard.com\/5continents-south-america-en\/wp-content\/uploads\/sites\/14\/2024\/04\/perou.jpg&#8221; title_text=&#8221;perou&#8221; align=&#8221;center&#8221; _builder_version=&#8221;4.23.1&#8243; _module_preset=&#8221;default&#8221; max_width=&#8221;570px&#8221; custom_margin=&#8221;||20px||false|false&#8221; border_radii=&#8221;on|10px|10px|10px|10px&#8221; global_colors_info=&#8221;{}&#8221;][\/et_pb_image][\/et_pb_column][et_pb_column type=&#8221;1_3&#8243; _builder_version=&#8221;4.23.1&#8243; _module_preset=&#8221;default&#8221; global_colors_info=&#8221;{}&#8221;][et_pb_toggle title=&#8221;bolivia&#8221; open_toggle_text_color=&#8221;#C80098&#8243; icon_color=&#8221;#C80098&#8243; open_icon_color=&#8221;#C80098&#8243; _builder_version=&#8221;4.23.1&#8243; _module_preset=&#8221;default&#8221; title_text_color=&#8221;#C80098&#8243; title_font_size=&#8221;24px&#8221; border_radii=&#8221;on|10px|10px|10px|10px&#8221; locked=&#8221;off&#8221; global_colors_info=&#8221;{}&#8221;]<\/p>\n<p>COCHABAMBA<br \/>SANTA CRUZ 8 OCT<br \/>SAN JOSE DE CHIQUITOS 15 OCT<br \/>PUERTO SUAREZ 17 OCT<\/p>\n<p>[\/et_pb_toggle][et_pb_image src=&#8221;https:\/\/sergegirard.com\/5continents-south-america-en\/wp-content\/uploads\/sites\/14\/2024\/04\/bolivie.jpg&#8221; title_text=&#8221;perou&#8221; align=&#8221;center&#8221; _builder_version=&#8221;4.23.1&#8243; _module_preset=&#8221;default&#8221; max_width=&#8221;570px&#8221; custom_margin=&#8221;||20px||false|false&#8221; border_radii=&#8221;on|10px|10px|10px|10px&#8221; global_colors_info=&#8221;{}&#8221;][\/et_pb_image][\/et_pb_column][et_pb_column type=&#8221;1_3&#8243; _builder_version=&#8221;4.23.1&#8243; _module_preset=&#8221;default&#8221; global_colors_info=&#8221;{}&#8221;][et_pb_toggle title=&#8221;brazil&#8221; open_toggle_text_color=&#8221;#C80098&#8243; icon_color=&#8221;#C80098&#8243; open_icon_color=&#8221;#C80098&#8243; _builder_version=&#8221;4.23.1&#8243; _module_preset=&#8221;default&#8221; title_text_color=&#8221;#C80098&#8243; title_font_size=&#8221;24px&#8221; border_radii=&#8221;on|10px|10px|10px|10px&#8221; locked=&#8221;off&#8221; global_colors_info=&#8221;{}&#8221;]<\/p>\n<p>1 \/ CORUMBA \u2013 CAMPO GRANDE BR 262<br \/>2 \/ CAMPO GRANDE \u2013 TRES LOGOAS BR 262<br \/>3 \/ TRES LOGOAS\u2013 ANDRADINA &#8211; ARACATUBA SP 595 \/ SP 300<br \/>4 \/ ARACATUBA \u2013 LINS &#8211; BAURO SP 300 \/ SP 331<br \/>5 \/ BAURO \u2013 JAU SP 225<br \/>6 \/ JAU \u2013 BROTAS SP 225<br \/>7 \/ BROTAS \u2013 RIO CLARO SP 225 SP 310<br \/>8 \/ BROTAS \u2013 ITIRAPINA SP 225<br \/>9 \/ ITIRAPINA \u2013 ARARAS PISTA<br \/>10 \/ ARARAS \u2013 CONCHAL SP 191<br \/>11 \/ CONCHAL \u2013 MOJI \u2013 MIRIN PISTA<br \/>12 \/ MOJI \u2013 MIRIN \u2013 ITAPIRA BR 373 \/ PISTA<br \/>13 \/ ITAPIRA \u2013 SOCORRO SP 147<br \/>14 \/ SOCORRO \u2013 MUNHOZ PISTA<br \/>15 \/ MUNHOZ \u2013 CAMBU PISTA<br \/>16 \/ CAMBU \u2013 SACUPIA \u2013 MIRIM PISTA<br \/>17 \/ SACUPIA \u2013 MIRIM STO ANTONIO de PINAL SP 45 \/ PISTA<br \/>18 \/ MIRIM STO ANTONIO de PINAL \u2013 GUARATINGUETA SP 132<br \/>19 \/ GUARATINGUETA \u2013 CRUZEIRO &#8211; VOLTARODONDA BR 116<br \/>20 \/ VOLTA RODONDA \u2013 QUEIMADOS \u2013 RIO BR 116 11 NOV<\/p>\n<p>[\/et_pb_toggle][et_pb_image src=&#8221;https:\/\/sergegirard.com\/5continents-south-america-en\/wp-content\/uploads\/sites\/14\/2024\/04\/bresil.jpg&#8221; title_text=&#8221;perou&#8221; align=&#8221;center&#8221; _builder_version=&#8221;4.23.1&#8243; _module_preset=&#8221;default&#8221; max_width=&#8221;570px&#8221; custom_margin=&#8221;||20px||false|false&#8221; border_radii=&#8221;on|10px|10px|10px|10px&#8221; global_colors_info=&#8221;{}&#8221;][\/et_pb_image][\/et_pb_column][\/et_pb_row][et_pb_row _builder_version=&#8221;4.23.1&#8243; _module_preset=&#8221;default&#8221; global_colors_info=&#8221;{}&#8221;][et_pb_column type=&#8221;4_4&#8243; _builder_version=&#8221;4.23.1&#8243; _module_preset=&#8221;default&#8221; global_colors_info=&#8221;{}&#8221;][et_pb_image src=&#8221;https:\/\/sergegirard.com\/5continents-south-america-en\/wp-content\/uploads\/sites\/14\/2024\/04\/amsud.jpg&#8221; title_text=&#8221;perou&#8221; align=&#8221;center&#8221; _builder_version=&#8221;4.23.1&#8243; _module_preset=&#8221;default&#8221; max_width=&#8221;570px&#8221; custom_margin=&#8221;||20px||false|false&#8221; border_radii=&#8221;on|10px|10px|10px|10px&#8221; global_colors_info=&#8221;{}&#8221;][\/et_pb_image][et_pb_text _builder_version=&#8221;4.23.1&#8243; _module_preset=&#8221;default&#8221; text_font=&#8221;||on||||||&#8221; text_text_color=&#8221;#FFFFFF&#8221; text_orientation=&#8221;center&#8221; hover_enabled=&#8221;0&#8243; global_colors_info=&#8221;{}&#8221; sticky_enabled=&#8221;0&#8243;]<\/p>\n<p>South America<\/p>\n<p>[\/et_pb_text][et_pb_gallery _builder_version=&#8221;4.23.1&#8243; _module_preset=&#8221;default&#8221; gallery_ids=&#8221;2212,2213,2214,2220,2215,2216,2217,2218,2219,2221,2222,2224,2223,2226,2227,2228&#8243; posts_number=&#8221;17&#8243; show_title_and_caption=&#8221;off&#8221; show_pagination=&#8221;off&#8221; custom_margin=&#8221;||0px||false|false&#8221; custom_padding=&#8221;||0px||false|false&#8221; hover_enabled=&#8221;0&#8243; sticky_enabled=&#8221;0&#8243;][\/et_pb_gallery][et_pb_text _builder_version=&#8221;4.23.1&#8243; _module_preset=&#8221;default&#8221; text_font=&#8221;||on||||||&#8221; text_text_color=&#8221;#FFFFFF&#8221; text_orientation=&#8221;center&#8221; hover_enabled=&#8221;0&#8243; global_colors_info=&#8221;{}&#8221; sticky_enabled=&#8221;0&#8243;]<\/p>\n<p>The Pantanal<\/p>\n<p>[\/et_pb_text][\/et_pb_column][\/et_pb_row][et_pb_row _builder_version=&#8221;4.23.1&#8243; _module_preset=&#8221;default&#8221; custom_margin=&#8221;50px||||false|false&#8221; custom_padding=&#8221;||0px||false|false&#8221; locked=&#8221;off&#8221; global_colors_info=&#8221;{}&#8221;][et_pb_column type=&#8221;4_4&#8243; _builder_version=&#8221;4.23.1&#8243; _module_preset=&#8221;default&#8221; global_colors_info=&#8221;{}&#8221;][et_pb_text _builder_version=&#8221;4.23.1&#8243; _module_preset=&#8221;default&#8221; header_font_size=&#8221;37px&#8221; header_2_text_align=&#8221;center&#8221; header_2_text_color=&#8221;#FFFFFF&#8221; header_2_font_size=&#8221;36px&#8221; global_colors_info=&#8221;{}&#8221;]<\/p>\n<h2>stopover towns<\/h2>\n<p>[\/et_pb_text][\/et_pb_column][\/et_pb_row][et_pb_row _builder_version=&#8221;4.23.1&#8243; _module_preset=&#8221;default&#8221; global_colors_info=&#8221;{}&#8221;][et_pb_column type=&#8221;4_4&#8243; _builder_version=&#8221;4.23.1&#8243; _module_preset=&#8221;default&#8221; global_colors_info=&#8221;{}&#8221;][et_pb_toggle title=&#8221;lima&#8221; open_toggle_text_color=&#8221;#C80098&#8243; icon_color=&#8221;#C80098&#8243; open_icon_color=&#8221;#C80098&#8243; _builder_version=&#8221;4.23.1&#8243; _module_preset=&#8221;default&#8221; title_text_color=&#8221;#C80098&#8243; title_font_size=&#8221;24px&#8221; border_radii=&#8221;on|10px|10px|10px|10px&#8221; locked=&#8221;off&#8221; global_colors_info=&#8221;{}&#8221;]<img decoding=\"async\" src=\"https:\/\/sergegirard.com\/5continents-south-america-en\/wp-content\/uploads\/sites\/14\/2024\/04\/lima2.jpg\" \/><\/p>\n<p>Lima, capital of Peru and of Lima department. Lima is situated in East central Peru between the Pacific ocean and the Andes, in Peru\u2019s arid coastal region.<\/p>\n<p>This region is a long arid stretch of land extending the entire length of the country. It\u2019s an upland region, with towering mountain ranges, lofty plateaus, as well as deep valleys and gorges. The numerous rivers which rise in the Andes and flow steeply to the Pacific Ocean have enabled the irrigation of the region.<\/p>\n<p>70% of the inhabitants speak Spanish, the official language in Lima for a long time. In 1975, the Quechua, one of the main Native American languages was recognized as well.<\/p>\n<p>In the southern ranges of the Andes, the Peruvians also speak the Aymara, another native language.<\/p>\n<p>About 93% of Peruvians are Christian, most of them Catholic.<\/p>\n<p>Climate :<br \/>\nDespite its location in a tropical region the climate is temperate with temperatures moderated by the cold Peruvian Current (Humbold) off shore and fogs which blanket the coastal area from May to October, the coldest months. In the coastal area, the average temperatures reach 20\u00b0, rather cool considering the latitude.<\/p>\n<p>Flora :<br \/>\nThe arid and sandy plain is mainly covered with some desertic vegetation (shrubs, grasses).<\/p>\n<p>Fauna :<br \/>\nThe wildlife is limited in variety. The coastal plain and the islands are inhabited by sea birds (seagulls, albatrosses )and by reptiles and invertebrates.<\/p>\n<p>Economy :<br \/>\nLima, the largest city in Peru, is part of a fast growing metropolitan area.<\/p>\n<p>It\u2019s the biggest administrative, commercial, manufacturing and cultural center in the country.<\/p>\n<p>Most Peruvian towns and industries are concentrated in the coastal plain.<br \/>\n<img decoding=\"async\" src=\"https:\/\/sergegirard.com\/5continents-south-america-en\/wp-content\/uploads\/sites\/14\/2024\/04\/lima2a.jpg\" \/>[\/et_pb_toggle][\/et_pb_column][\/et_pb_row][et_pb_row _builder_version=&#8221;4.23.1&#8243; _module_preset=&#8221;default&#8221; custom_margin=&#8221;50px||||false|false&#8221; custom_padding=&#8221;||0px||false|false&#8221; locked=&#8221;off&#8221; global_colors_info=&#8221;{}&#8221;][et_pb_column type=&#8221;4_4&#8243; _builder_version=&#8221;4.23.1&#8243; _module_preset=&#8221;default&#8221; global_colors_info=&#8221;{}&#8221;][et_pb_text _builder_version=&#8221;4.23.1&#8243; _module_preset=&#8221;default&#8221; header_font_size=&#8221;37px&#8221; header_2_text_align=&#8221;center&#8221; header_2_text_color=&#8221;#FFFFFF&#8221; header_2_font_size=&#8221;36px&#8221; global_colors_info=&#8221;{}&#8221;]<\/p>\n<h2>the project<\/h2>\n<p>[\/et_pb_text][\/et_pb_column][\/et_pb_row][et_pb_row column_structure=&#8221;1_3,1_3,1_3&#8243; _builder_version=&#8221;4.23.1&#8243; _module_preset=&#8221;default&#8221; global_colors_info=&#8221;{}&#8221;][et_pb_column type=&#8221;1_3&#8243; _builder_version=&#8221;4.23.1&#8243; _module_preset=&#8221;default&#8221; global_colors_info=&#8221;{}&#8221;][et_pb_toggle title=&#8221;Serge Girard&#8221; open_toggle_text_color=&#8221;#C80098&#8243; icon_color=&#8221;#C80098&#8243; open_icon_color=&#8221;#C80098&#8243; _builder_version=&#8221;4.23.1&#8243; _module_preset=&#8221;default&#8221; title_text_color=&#8221;#C80098&#8243; title_font_size=&#8221;24px&#8221; border_radii=&#8221;on|10px|10px|10px|10px&#8221; locked=&#8221;off&#8221; global_colors_info=&#8221;{}&#8221;]<\/p>\n<p><strong>Serge GIRARD :<\/strong><br \/>Born in 1953<br \/>3 children<br \/>job : advise financial<\/p>\n<p><strong>distinguishing marks :<\/strong><br \/>Two crossing of the States Linked while running (1993-1997)<br \/>A crossing of Australia in during 1999<br \/>1300 kms on external track in 11 days, 11 hours,49 minutes,44 seconds is 114 km\/day (better french performance in 1998)<br \/>Two books on its crossings<br \/>Production of a documentary of 52\u2019 on the crossing of Australia<br \/>Involves on average 10h\/day, 5 days\/7<\/p>\n<p><strong>Serge GIRARD IN SOME FIGURES :<\/strong><br \/>Average cardiac pulsation during the race : 130<br \/>Cardiac pulsations at rest : 36<br \/>Size : 1m77<br \/>Weight of form : 60 kg<br \/>Loss weight estimated during the race : 5 kg<br \/>Age : 47<\/p>\n<p>[\/et_pb_toggle][\/et_pb_column][et_pb_column type=&#8221;1_3&#8243; _builder_version=&#8221;4.23.1&#8243; _module_preset=&#8221;default&#8221; global_colors_info=&#8221;{}&#8221;][et_pb_toggle title=&#8221;The team&#8221; open_toggle_text_color=&#8221;#C80098&#8243; icon_color=&#8221;#C80098&#8243; open_icon_color=&#8221;#C80098&#8243; _builder_version=&#8221;4.23.1&#8243; _module_preset=&#8221;default&#8221; title_text_color=&#8221;#C80098&#8243; title_font_size=&#8221;24px&#8221; border_radii=&#8221;on|10px|10px|10px|10px&#8221; locked=&#8221;off&#8221; global_colors_info=&#8221;{}&#8221;]<\/p>\n<p><img decoding=\"async\" src=\"https:\/\/sergegirard.com\/5continents-south-america-en\/wp-content\/uploads\/sites\/14\/2024\/04\/IMG_1847.jpg\" \/><\/p>\n<p>SERGE alias SERGIO : il court du soir au matin et du matin au soir, il court toujours\u2026.<\/p>\n<p>LAURE alias LAURA : le c\u00f4t\u00e9 f\u00e9minin<\/p>\n<p>FABICE alias FABRICIO : remet notre champion sur pied au quotidien<\/p>\n<p>LUDOVIC alias LOUDO : aux mains de f\u00e9es !<\/p>\n<p>THOMAS alias TOMA : notre GEO TROUVE TOUT favori<\/p>\n<p>CHRISTOPHE ( le cadreur) pour lequel nous n\u2019avons pas encore trouv\u00e9 de surnom \u00e0 couleur locale<\/p>\n<p>JEAN-MARC (le photographe) alias JUAN MARCO objectif \u00e0 la main \u00e0 la recherche de la belle image<\/p>\n<p>L\u2019\u00e9quipe br\u00e9silienne : OSMAR, GUSTAVO, FAVIO les chauffeurs.<\/p>\n<p><img decoding=\"async\" src=\"https:\/\/sergegirard.com\/5continents-south-america-en\/wp-content\/uploads\/sites\/14\/2024\/04\/IMG_1858.jpg\" \/><\/p>\n<p><img decoding=\"async\" src=\"https:\/\/sergegirard.com\/5continents-south-america-en\/wp-content\/uploads\/sites\/14\/2024\/04\/IMG_1859.jpg\" \/><\/p>\n<p><img decoding=\"async\" src=\"https:\/\/sergegirard.com\/5continents-south-america-en\/wp-content\/uploads\/sites\/14\/2024\/04\/IMG_1899.jpg\" \/><\/p>\n<p><img decoding=\"async\" src=\"https:\/\/sergegirard.com\/5continents-south-america-en\/wp-content\/uploads\/sites\/14\/2024\/04\/IMG_1923.jpg\" \/><\/p>\n<p>[\/et_pb_toggle][\/et_pb_column][et_pb_column type=&#8221;1_3&#8243; _builder_version=&#8221;4.23.1&#8243; _module_preset=&#8221;default&#8221; global_colors_info=&#8221;{}&#8221;][et_pb_toggle title=&#8221;Running&#8230;&#8221; open_toggle_text_color=&#8221;#C80098&#8243; icon_color=&#8221;#C80098&#8243; open_icon_color=&#8221;#C80098&#8243; _builder_version=&#8221;4.23.1&#8243; _module_preset=&#8221;default&#8221; title_text_color=&#8221;#C80098&#8243; title_font_size=&#8221;24px&#8221; border_radii=&#8221;on|10px|10px|10px|10px&#8221; locked=&#8221;off&#8221; global_colors_info=&#8221;{}&#8221;]<\/p>\n<p><strong>What makes run Serge GIRARD ?<\/strong><\/p>\n<p>Of course the concept of challenge, but especially a challenge launched against himself, which enables him to discover his owns limits.<\/p>\n<p>That passes by a &#8220;mentalisation&#8221; of every moment, as well it is true as for him, the record raises more of mental than of the physique.<\/p>\n<p><strong>&#8220;Ultra-running&#8221; : a passion to be divided<\/strong><\/p>\n<p>Serge GIRARD \u2018s last exploits made it possible to discover that the &#8220;ultra-running&#8221; is an extraordinary mean of communication : of course, near the initiates but also near &#8220;no sportmen&#8221;. Beyond the exploit, in fact the human values carried by the adventure which is a passion for the public, those are values of the sport-adventure.<\/p>\n<p><strong>A simple relationship with nature :<\/strong><\/p>\n<p>To cross a continent in running is one of the simplest relation that we can have with the nature. It is this same simplicity which brings closer Serge to his public, because everybody can run at this rhythm.<\/p>\n<p><strong>A man of team :<\/strong><\/p>\n<p>Because it is the team who gains.<\/p>\n<p>Professionals, already at his sides in his races in USA and in Australia : physiotherapist, podiatrist, logistician, drivers, will be with Serge in this sporting and human adventure.<\/p>\n<p><strong>The running : a world phenomenon<\/strong><\/p>\n<p>That we speak about jogging or competition, the running is one of the principal sport that french people practice : 29,2% of them run (CREDOC investigations).<\/p>\n<p>4000 races on road are organized each year in France. All the world capitals have their marathons. True social phenomenon in constant progression, the running is the way for everybody to escape, to travel and to discover at the same time as its own limits an extraordinary hygiene of life.<\/p>\n<p>[\/et_pb_toggle][\/et_pb_column][\/et_pb_row][\/et_pb_section]<\/p>\n","protected":false},"excerpt":{"rendered":"<p>&gt; 2001\u00a0: Lima\/Rio de Janeiro 5,235km in 73 days, 3 hours and 40\u2032 (world record) This race is 80% mind and 20% bodyEvery morning, when I go running, I think to myself &#8220;you are a privileged person, make the most of this happiness&#8221;.Racing to these extremes has radically changed my life. It has become a [&hellip;]<\/p>\n","protected":false},"author":1,"featured_media":0,"parent":0,"menu_order":0,"comment_status":"closed","ping_status":"closed","template":"","meta":{"_et_pb_use_builder":"on","_et_pb_old_content":"<!-- wp:divi\/placeholder \/-->","_et_gb_content_width":"","footnotes":""},"class_list":["post-19","page","type-page","status-publish","hentry"],"_links":{"self":[{"href":"https:\/\/sergegirard.com\/5continents-south-america-en\/wp-json\/wp\/v2\/pages\/19","targetHints":{"allow":["GET"]}}],"collection":[{"href":"https:\/\/sergegirard.com\/5continents-south-america-en\/wp-json\/wp\/v2\/pages"}],"about":[{"href":"https:\/\/sergegirard.com\/5continents-south-america-en\/wp-json\/wp\/v2\/types\/page"}],"author":[{"embeddable":true,"href":"https:\/\/sergegirard.com\/5continents-south-america-en\/wp-json\/wp\/v2\/users\/1"}],"replies":[{"embeddable":true,"href":"https:\/\/sergegirard.com\/5continents-south-america-en\/wp-json\/wp\/v2\/comments?post=19"}],"version-history":[{"count":32,"href":"https:\/\/sergegirard.com\/5continents-south-america-en\/wp-json\/wp\/v2\/pages\/19\/revisions"}],"predecessor-version":[{"id":21,"href":"https:\/\/sergegirard.com\/5continents-south-america-en\/wp-json\/wp\/v2\/pages\/19\/revisions\/21"}],"wp:attachment":[{"href":"https:\/\/sergegirard.com\/5continents-south-america-en\/wp-json\/wp\/v2\/media?parent=19"}],"curies":[{"name":"wp","href":"https:\/\/api.w.org\/{rel}","templated":true}]}}